se 2, what is 10 - -101000101011100?
101000101011110
In base 16, what is 0 - 22b42?
-22b42
In base 10, what is -864114 + -5?
-864119
In base 10, what is -11644 - -206?
-11438
In base 14, what is a7 + -19b?
-d4
In base 15, what is 5 + -2479?
-2474
In base 9, what is -133 + 50054?
48821
In base 8, what is -217 - -35704?
35465
In base 6, what is -52422033 - -4?
-52422025
In base 6, what is -413 + -354?
-1211
In base 11, what is 36288 - -3?
36290
In base 6, what is 2300 + 132?
2432
In base 3, what is -102 - -22122021?
22121212
In base 14, what is -1a4a - 2d?
-1a79
In base 11, what is 1801 + -8a?
1722
In base 14, what is -8b17 + a1?
-8a56
In base 10, what is 59 - 13?
46
In base 5, what is 121212 - -33?
121300
In base 8, what is -10 + -2036?
-2046
In base 4, what is 2211122 - -1310?
2213032
In base 13, what is -5 - 15c9a4?
-15c9a9
In base 6, what is 4 - 100550?
-100542
In base 16, what is 2c3 - 125?
19e
In base 3, what is 11122212 + 12200?
11212112
In base 10, what is 5392 - 0?
5392
In base 16, what is -69fd + 4?
-69f9
In base 11, what is 3 + 2a00?
2a03
In base 15, what is -6e8 - 1a8?
-8a1
In base 8, what is -333 - -23?
-310
In base 12, what is -86 - -38148?
38082
In base 12, what is -54 - -210?
178
In base 6, what is -422 + -225?
-1051
In base 10, what is -43 - -2056?
2013
In base 9, what is -154787 - -38?
-154748
In base 5, what is 334110 + 131?
334241
In base 12, what is -3 - 3848a?
-38491
In base 12, what is 49880 + -3?
49879
In base 5, what is 143132 - 2?
143130
In base 9, what is -3 + 105727?
105724
In base 7, what is -1533 - -1601?
35
In base 4, what is 122 - -203322?
210110
In base 11, what is -19 + -3598?
-3606
In base 11, what is 20441 + 4?
20445
In base 8, what is 4 - -3200702?
3200706
In base 7, what is 1212526 + -1?
1212525
In base 2, what is -1100001 - -110111101101100?
110111100001011
In base 14, what is 869 + -b?
85c
In base 6, what is 1331 + 2111?
3442
In base 5, what is 3202 + 2334?
11041
In base 4, what is -231 - 301302?
-302133
In base 2, what is 1 - -100000000000100?
100000000000101
In base 2, what is 11 + -10001101011110?
-10001101011011
In base 8, what is 167 - -26753?
27142
In base 16, what is 1 + -200?
-1ff
In base 13, what is -1349 + 87?
-1292
In base 8, what is -13 - 102044?
-102057
In base 10, what is 10712 + -11?
10701
In base 3, what is -2201010210 - 2?
-2201010212
In base 5, what is 41324 - 2020?
34304
In base 10, what is 25815 + -9?
25806
In base 2, what is 111111111 - -1011101011?
10011101010
In base 3, what is 2022201222 + 10111?
2022212110
In base 9, what is 54157 - -4?
54162
In base 9, what is -27 + -25800?
-25827
In base 13, what is 1155 + -a?
1148
In base 11, what is -68 - aa6?
-1063
In base 11, what is 23 - 32199?
-32176
In base 11, what is -44417 + -4?
-44420
In base 8, what is 3 + -230360?
-230355
In base 3, what is 1 + 2010111101121?
2010111101122
In base 2, what is -100100100110111000100 - -10?
-100100100110111000010
In base 10, what is 4404 - 1?
4403
In base 5, what is -112201 + -20402?
-133103
In base 6, what is -30040030 - 0?
-30040030
In base 9, what is -5 - 84116?
-84122
In base 12, what is 77 - 3114?
-3059
In base 5, what is -23031342 + 32?
-23031310
In base 9, what is -3 + -4684?
-4687
In base 3, what is -11 + -1102000122?
-1102000210
In base 8, what is -7464271 + -1?
-7464272
In base 3, what is -11 + -1001101?
-1001112
In base 15, what is -2 - 9096?
-9098
In base 4, what is -120323 + 12?
-120311
In base 11, what is 5 - -333a38?
333a42
In base 16, what is -5 - 15b0?
-15b5
In base 2, what is 1 - 10101100011001011?
-10101100011001010
In base 12, what is 846 + 3015?
385b
In base 12, what is -14 - -15a890?
15a878
In base 14, what is -c - a0b?
-a19
In base 9, what is -31 - -11431?
11400
In base 12, what is -a70 - -66?
-a06
In base 8, what is -102431 + 0?
-102431
In base 2, what is 11010101 - 10100111?
101110
In base 11, what is -13a1a + a?
-13a10
In base 10, what is -1 - -2485?
2484
In base 9, what is 10 + -5046?
-5036
In base 16, what is 14 - -16641?
16655
In base 8, what is -2 + -16230?
-16232
In base 12, what is -2943 - 14?
-2957
In base 2, what is -10 - -1101010011010100011?
1101010011010100001
In base 2, what is -1001100000010011 - -1011?
-1001100000001000
In base 2, what is 11 + -10000110010111?
-10000110010100
In base 3, what is 12001001000 + -12?
12001000211
In base 12, what is 181442 + 2?
181444
In base 12, what is 7881 - 53?
782a
In base 8, what is 4 - -14670?
14674
In base 2, what is 111011001001001001 + 101?
111011001001001110
In base 2, what is -11100 - 11011110000?
-11100001100
In base 8, what is 13 + 71?
104
In base 16, what is 52d45 + -4?
52d41
In base 3, what is -1120111 + 2201?
-1110210
In base 7, what is 105202 + 2?
105204
In base 14, what is 54 + a45?
a99
In base 6, what is -2 - -54215?
54213
In base 10, what is 707 + 41?
748
In base 8, what is 26 - 364?
-336
In base 7, what is 402 - 232?
140
In base 11, what is 51a - -111?
630
In base 4, what is 10 + 2203312121?
2203312131
In base 4, what is -103222032 + -3?
-103222101
In base 12, what is -4248a + a?
-42480
In base 14, what is -1b - 47b52?
-47b6d
In base 14, what is -56 - 220?
-276
In base 6, what is 4 + 15102154?
15102202
In base 2, what is 0 - -1010101110101001101?
1010101110101001101
In base 5, what is -10122333 - 3?
-10122341
In base 3, what is -10112221211 - -2120?
-10112212021
In base 2, what is 1110 + 1000000100010011?
1000000100100001
In base 14, what is 5 - -c00a?
c011
In base 8, what is 3471 - -3125?
6616
In base 13, what is 3 - -3075?
3078
In base 10, what is -17627527 + 5?
-17627522
In base 10, what is -22712 - -4?
-22708
In base 8, what is 44 - -51277?
51343
In base 5, what is -3 + 413420?
413412
In base 15, what is -438 - 747?
-b80
In base 7, what is -266544 + -1?
-266545
In base 7, what is 1426 - 360?
1036
In base 12, what is -354 + -9a?
-432
In base 11, what is -7932 + a?
-7923
In base 5, what is 1410 - 10000?
-3040
In base 12, what is -15157 + -3?
-1515a
In base 13, what is 3 + -bac61?
-bac5b
In base 15, what is -69 - ac25?
-ac8e
In base 12, what is -5a16 + -9a?
-5ab4
In base 9, what is 15 - 884185?
-884170
In base 8, what is 11420 - -1121?
12541
In base 15, what is -4 - 5e0b?
-5e10
In base 11, what is 14161 + -18?
14144
In base 7, what is 5 + -66614?
-66606
In base 12, what is 882 - -5a?
920
In base 5, what is -34 + 34041?
34002
In base 9, what is -4 + -522355?
-522360
In base 13, what is -57 - 139?
-193
In base 16, what is -8 + aff5?
afed
In base 8, what is 4651 - 233?
4416
In base 12, what is -4 - -5047b?
50477
In base 13, what is a3 + -14a?
-77
In base 3, what is 100000001100 + 11?
100000001111
In base 10, what is -940 + 41?
-899
In base 14, what is b + 1953?
1960
In base 15, what is e3 - 6a?
78
In base 5, what is 22323244 + 1?
22323300
In base 3, what is 1010 - -200101022?
200102102
In base 16, what is -11658 + -3?
-1165b
In base 15, what is -2e40b + 3?
-2e408
In base 3, what is 11212210120 - 111?
11212210002
In base 6, what is 101 - -1035?
1140
In base 14, what is -5 + -2d3d5c?
-2d3d63
In base 4, what is -100 + 3211130?
3211030
In base 9, what is 178 - 385?
-206
In base 6, what is 12 - 51451?
-51435
In base 4, what is -210 - 2202213?
-2203023
In base 8, what is 2222 - 21?
2201
In base 15, what is -15 + -2724?
-2739
In base 14, what is 46d - 31?
43c
In base 2, what is -1111100 + -101110111?
-111110011
In base 5, what is 2222 + -114?
2103
In base 14, what is -36 + 1883?
184b
In base 14, what is 161 + -16?
149
In base 14, what is 1d4 + 332?
526
In base 13, what is -1 + -20b65?
-20b66
In base 16, what is -1aeb4 + 3?
-1aeb1
In base 5, what is 1 - -133023112?
133023113
In base 3, what is 10 - -2001202020?
2001202100
In base 3, what is -111020 - -120222?
2202
In base 5, what is 10121 + -233?
4333
In base 10, what is -112 - 1098?
-1210
In base 11, what is 34 + -5877?
-5843
In base 4, what is -112121 - 12332?
-131113
In base 5, what is 3 - 1004320?
-1004312
In base 9, what is 106 - -42786?
43003
In base 13, what is -1 - -28aa?
28a9
In base 10, what is 26078 + 3?
26081
In base 3, what is -20100011012 - 11?
-20100011100
In base 14, what is 48dbd - 7?
48db6
In base 8, what is -203 + 14311?
14106
In base 2, what is -1010001 - 1000011011110010?
-1000011101000011
In base 15, what is -136 + 10a?
-2b
In base 10, what is 699